is the remainder when g is divided by 5?
2
Let x = 1 - -2. Suppose -x*b = 9 + 6, w + 8 = -5*b. Let z(m) = -m**3 + m**2 - 4*m + 1. What is the remainder when z(-3) is divided by w?
15
Suppose 6*h = 5*h + 70. Suppose h = -0*j + 5*j. What is the remainder when 26 is divided by j?
12
Let a be 62/10 - 1/5. Suppose 3*l = -15, l = 5*y + a*l + 15. Let u = -5 + 9. Calculate the remainder when u is divided by y.
0
Suppose -125 = v - 6*v. What is the remainder when v is divided by ((-28)/5)/(4/(-10) - 0)?
11
Suppose 0 = 2*q + 2*f - 4, 4*q + 0*f = f + 18. Suppose -q*x + 330 = 3*m - 7*x, -2*x = 5*m - 550. Calculate the remainder when m is divided by 28.
26
Suppose 42 = 3*x + 9. Calculate the remainder when 31 is divided by x.
9
Let o = -10 + 18. What is the remainder when o is divided by 18/4 - (-3)/(-2)?
2
Suppose -p = -3*n - 1, 5*n - 5*p - 8 = -3. What is the remainder when (2 + n)*(50 - -3) is divided by 14?
11
Let u(b) = 3*b**2 - b. Let k be u(1). Let j = 3 + k. What is the remainder when 13 is divided by j?
3
Let g = 0 - -33. Calculate the remainder when g is divided by 8.
1
Let v be 6*1/4*20. Suppose -m - 3*b = 2*b + 16, 4*b + 20 = m. Suppose -v = t - m*t - 3*r, -2*t - 5*r + 14 = 0. What is the remainder when t is divided by 7?
5
Let z(a) = 3*a**2 - 4*a - 1. What is the remainder when z(-3) is divided by (-6)/(60/25)*1*-4?
8
Calculate the remainder when 4/3*258/4 is divided by 30.
26
Suppose 9*p + 218 = 839. What is the remainder when p is divided by 25?
19
Let m = 6 + -3. Suppose -5*k + 28 = 3*l, k + 2*k - 3*l - 12 = 0. Calculate the remainder when k is divided by m.
2
Let o be (-88)/6*(-18)/12. Let m = o + -10. What is the remainder when m is divided by 7?
5
Suppose r + 3*r = 2*k - 44, 5*r = -5*k + 50. Let b = 88 + -63. What is the remainder when b is divided by k?
11
Suppose 0*b = -b + 4, 5*g = 3*b + 38. What is the remainder when (3 - 2)/(1/29) is divided by g?
9
Calculate the remainder when 43 is divided by 2/(-5) + 7/((-70)/(-124)).
7
Let o be 3/(-2) + 189/6. Suppose 3*m + 5*u = -0*u + 35, 2*u = m - o. Calculate the remainder when 58 is divided by m.
18
Let y = -43 - -49. Calculate the remainder when 58 is divided by y.
4
Let l(f) = -42*f - 3. Calculate the remainder when l(-1) is divided by 12.
3
Let i(z) = z**3 - z. Let a be i(-1). Suppose -2*c + a = -4. Let k = -6 - -11. Calculate the remainder when k is divided by c.
1
Suppose u - 3*o = 5, 5*o + 7 = u + 4. What is the remainder when 55 is divided by u?
7
Let q(b) = 19*b**3 + b**2 - 2*b + 1. Let h = -1 - -2. Let l be q(h). Suppose -4*n + 13 = -l. What is the remainder when 23 is divided by n?
7
Suppose t = -2*t + 12. Calculate the remainder when t/6 - 2560/(-48) is divided by 11.
10
Suppose -u + 8 = 5*t, 0 = 3*u - 13*t + 9*t - 81. Let s be (-2)/9 + (-353)/(-9). Let j = s + -27. What is the remainder when u is divided by j?
11
Suppose 3*c = 4*n - 2*c - 43, 3*n - 46 = c. What is the remainder when n is divided by 5?
2
Let t = 71 - 64. Calculate the remainder when 25 is divided by t.
4
Let l(r) = -5*r - 5. What is the remainder when (2/(-4))/((-2)/168) is divided by l(-4)?
12
Suppose -2*j + 3 = 2*g - 1, 4*j + 2*g = 8. Suppose -2*n = -5*n + 255. Suppose 7*z - j*z - n = 0. What is the remainder when z is divided by 10?
7
Let k = 18 + -13. Let m = -21 + 30. Calculate the remainder when m is divided by k.
4
Suppose 0*z - 2*z - 6 = 0. Let h = z - -2. What is the remainder when 9 is divided by (h + 2)/((-6)/(-30))?
4
Suppose -y + 24 = 5*r, -3*y + 7*y + 5*r = 81. What is the remainder when 56 is divided by y?
18
Suppose 82 = 3*t + 13. What is the remainder when t is divided by (-3)/(-9) - (-70)/6?
11
Suppose 15 = 2*t - t. What is the remainder when 29 is divided by t?
14
Suppose -3*g + k + 117 = 4*k, -2*g + 4*k = -48. Calculate the remainder when 66 is divided by g.
32
Let c = 11 - 6. Let w(d) = d**2 + 4*d + 3. Calculate the remainder when w(-5) is divided by c.
3
Calculate the remainder when 126/(-8)*(-784)/42 is divided by 37.
35
Suppose -3*h + 28 - 4 = 0. What is the remainder when 38 is divided by h?
6
Suppose -n + 33 = 2*n. Let y(z) = -7*z - 9. Calculate the remainder when y(-7) is divided by n.
7
Suppose 0 = -22*c + 32 + 78. Calculate the remainder when 15 is divided by c.
0
Let v be -1*1 - (0 + -6). Suppose 9 = v*k - 31. Suppose -y = 3 - 18. What is the remainder when y is divided by k?
7
Let r be (1 - 1)/(1 - 2). Suppose 0*u + 2*u - 50 = r. Calculate the remainder when 48 is divided by u.
23
Suppose -5*x + 131 = -29. Suppose 2 + 2 = 2*p, 50 = 4*j + 3*p. What is the remainder when x is divided by j?
10
Let k(n) = n**3 + 7*n**2 + 6*n + 6. What is the remainder when k(-6) is divided by 2?
0
Let t = -3 + 6. Suppose 2*x = -3*o + 49, -o + t*x + 69 = 2*o. What is the remainder when o is divided by (-1)/((3/7)/(-3))?
5
Calculate the remainder when (-8558)/(-88) - (-1)/(-4) is divided by 20.
17
Suppose 4*p + 60 = -5*i, -3*i = -3*p + i - 45. Calculate the remainder when 81 is divided by (-200)/p + 6/9.
11
Suppose -4*g = 6*d - 3*d - 15, -5*g - d + 27 = 0. Suppose 7*n - g*n - 17 = 0. Calculate the remainder when n is divided by 6.
5
Suppose -o = -3*b - 1 + 4, -5*b + 3*o + 5 = 0. Let c = 5 - b. Suppose -5*q + 35 = -0*q. What is the remainder when q is divided by c?
3
Calculate the remainder when 64/28 + 4/(-14) is divided by 3/3 - (5 - 20/4).
0
What is the remainder when 18/(3/(-2) + 3) is divided by 5?
2
Suppose 5*t + m + 3*m = 171, -101 = -3*t - 2*m. What is the remainder when t is divided by 8?
7
Let k(a) = -a**3 - 7*a**2 + 8*a + 4. Let p(v) = -4*v. Let c be p(2). What is the remainder when 5 is divided by k(c)?
1
Let x = 106 + -104. Calculate the remainder when 8 is divided by x.
0
Calculate the remainder when 12/54 - (-160)/9 is divided by 5.
3
Suppose -15*b = -17*b + 20. What is the remainder when b is divided by 5?
0
Suppose 4*w - 452 = 360. Suppose 0 = -4*y + w + 5. What is the remainder when y is divided by 18?
16
Let f(q) = -q**3 - 12*q**2 - 2*q - 17. Calculate the remainder when 13 is divided by f(-12).
6
Suppose -3*i + 25 = -17. Suppose 0*c + 2*c - i = 0. Calculate the remainder when c is divided by 2.
1
Suppose 19 + 185 = 4*c - 4*o, 3*c - 5*o = 155. What is the remainder when c is divided by 17?
16
Let q = 57 - 50. Suppose -i = -22 - 27. Suppose c + y = -c + i, -15 = 5*y. What is the remainder when c is divided by q?
5
Let z(g) = -g**3 + 5*g**2 - 4*g - 3. Let h be z(3). Suppose 5*x = -3*i + x + 125, h*x = 5*i - 160. What is the remainder when i is divided by 9?
8
Let y(q) = -2*q - 3. Calculate the remainder when 4/(-14) + (-184)/(-7) is divided by y(-6).
8
Suppose -2*g + 53 = k - 2*k, -113 = -5*g - 4*k. What is the remainder when 69 is divided by g?
19
Let y = 29 - 21. Calculate the remainder when 14 is divided by y.
6
Let m = 18 - 7. What is the remainder when 52 is divided by m?
8
Suppose -2*s - 194 = -0*s. Let k = 168 + s. What is the remainder when k is divided by 18?
17
Let s = 376 + -167. Calculate the remainder when s is divided by 21.
20
Let h(a) = -4*a + 3. Suppose 0 = -3*o + 5*o - 30. Suppose 2*r + o = -3*r. Calculate the remainder when h(r) is divided by 8.
7
Let p be 676/20 + 2/10. Suppose p = 4*a - 6. Calculate the remainder when a is divided by 7.
3
Let c(f) = f**2 + 3*f - 5. Let r be c(-4). Let a(m) = 2*m - 6. Let v be a(9). Let n = r + v. Calculate the remainder when 32 is divided by n.
10
What is the remainder when 110 is divided by 3*74/18*3?
36
Let n(y) = 11*y**2 + 4*y - 10. What is the remainder when n(2) is divided by 15?
12
Let q(v) = v**3 - 5*v**2 - 6*v + 5. Let h be q(6). Suppose -f - h = -2*f. Let x = 18 + -5. Calculate the remainder when x is divided by f.
3
Suppose 5*w - 59 = -4*r + 14, 0 = -3*w - 5*r + 36. Calculate the remainder when 66 is divided by w.
15
Suppose 0 = 3*p + 6 - 15. Suppose 0 = -2*w - p*w + 270. What is the remainder when w is divided by 14?
12
Let n be 26/10 - 2/(-5). What is the remainder when 23 is divided by (-1 + n)/(2/12)?
11
Let b(w) = 2*w**3 - 5*w**2 + 3*w + 3. Let z(k) = -5 - k + 2 + 2 - k**3. Let q(g) = -b(g) - 3*z(g). Calculate the remainder when 31 is divided by q(-4).
15
Suppose -5*a + 4*d = -20, -2*d - 12 = -a - 2*a. Suppose 7*u - 11*u = -40. Calculate the remainder when u is divided by a.
2
Let m be (-3)/6 + 142/(-4). Let j = m -